 31
What are the prime factors of 497?
7, 71
What are the prime factors of 1990?
2, 5, 199
What are the prime factors of 34525?
5, 1381
List the prime factors of 10908.
2, 3, 101
List the prime factors of 24588.
2, 3, 683
List the prime factors of 13568.
2, 53
List the prime factors of 91.
7, 13
What are the prime factors of 1580?
2, 5, 79
List the prime factors of 8768.
2, 137
What are the prime factors of 11347?
7, 1621
List the prime factors of 17844.
2, 3, 1487
What are the prime factors of 33080?
2, 5, 827
List the prime factors of 80703.
3, 7, 61
What are the prime factors of 90544?
2, 5659
List the prime factors of 7590.
2, 3, 5, 11, 23
What are the prime factors of 1297?
1297
What are the prime factors of 26443?
31, 853
What are the prime factors of 15996?
2, 3, 31, 43
What are the prime factors of 47530?
2, 5, 7, 97
What are the prime factors of 421?
421
List the prime factors of 122871.
3, 7, 5851
What are the prime factors of 1365?
3, 5, 7, 13
What are the prime factors of 4586?
2, 2293
List the prime factors of 347.
347
What are the prime factors of 26782?
2, 7, 1913
What are the prime factors of 49928?
2, 79
What are the prime factors of 17688?
2, 3, 11, 67
What are the prime factors of 16360?
2, 5, 409
List the prime factors of 7578.
2, 3, 421
List the prime factors of 492.
2, 3, 41
What are the prime factors of 13257?
3, 491
List the prime factors of 145.
5, 29
List the prime factors of 5051.
5051
What are the prime factors of 15839?
47, 337
List the prime factors of 12300.
2, 3, 5, 41
What are the prime factors of 1097?
1097
List the prime factors of 1326.
2, 3, 13, 17
What are the prime factors of 21404?
2, 5351
List the prime factors of 2894.
2, 1447
What are the prime factors of 991?
991
List the prime factors of 494.
2, 13, 19
What are the prime factors of 1421?
7, 29
What are the prime factors of 43861?
23, 1907
What are the prime factors of 82096?
2, 7, 733
What are the prime factors of 376?
2, 47
List the prime factors of 19119.
3, 6373
What are the prime factors of 60255?
3, 5, 13, 103
List the prime factors of 24676.
2, 31, 199
List the prime factors of 10189.
23, 443
List the prime factors of 3029.
13, 233
List the prime factors of 109.
109
What are the prime factors of 17505?
3, 5, 389
What are the prime factors of 19428?
2, 3, 1619
List the prime factors of 37189.
37189
List the prime factors of 2677.
2677
List the prime factors of 61333.
61333
List the prime factors of 36291.
3, 12097
List the prime factors of 15354.
2, 3, 853
What are the prime factors of 750?
2, 3, 5
What are the prime factors of 327?
3, 109
What are the prime factors of 713?
23, 31
What are the prime factors of 23679?
3, 877
List the prime factors of 783.
3, 29
List the prime factors of 68352.
2, 3, 89
What are the prime factors of 4838?
2, 41, 59
List the prime factors of 607.
607
What are the prime factors of 6958?
2, 7, 71
List the prime factors of 2598.
2, 3, 433
List the prime factors of 61828.
2, 13, 29, 41
What are the prime factors of 1653?
3, 19, 29
What are the prime factors of 9929?
9929
What are the prime factors of 72371?
13, 19, 293
What are the prime factors of 5411?
7, 773
List the prime factors of 72221.
72221
What are the prime factors of 7932?
2, 3, 661
List the prime factors of 44807.
7, 37, 173
List the prime factors of 2369.
23, 103
What are the prime factors of 2701?
37, 73
What are the prime factors of 35123?
11, 31, 103
List the prime factors of 1464.
2, 3, 61
What are the prime factors of 622?
2, 311
What are the prime factors of 9040?
2, 5, 113
List the prime factors of 115253.
23, 5011
List the prime factors of 19621.
7, 2803
What are the prime factors of 62494?
2, 31247
List the prime factors of 376.
2, 47
List the prime factors of 144612.
2, 3, 13, 103
List the prime factors of 416.
2, 13
List the prime factors of 26222.
2, 7, 1873
List the prime factors of 85328.
2, 5333
What are the prime factors of 42346?
2, 31, 683
What are the prime factors of 2078?
2, 1039
What are the prime factors of 80873?
13, 6221
What are the prime factors of 304?
2, 19
List the prime factors of 4621.
4621
List the prime factors of 104611.
13, 619
List the prime factors of 47497.
47497
List the prime factors of 9674.
2, 7, 691
List the prime factors of 2811.
3, 937
What are the prime factors of 14276?
2, 43, 83
What are the prime factors of 25564?
2, 7, 11, 83
What are the prime factors of 1555?
5, 311
What are the prime factors of 18227?
11, 1657
List the prime factors of 19695.
3, 5, 13, 101
What are the prime factors of 1641?
3, 547
What are the prime factors of 89197?
191, 467
What are the prime factors of 808?
2, 101
What are the prime factors of 5380?
2, 5, 269
What are the prime factors of 89241?
3, 151, 197
What are the prime factors of 93625?
5, 7, 107
List the prime factors of 45021.
3, 43, 349
What are the prime factors of 1471?
1471
List the prime factors of 3032.
2, 379
What are the prime factors of 7055?
5, 17, 83
What are the prime factors of 1438?
2, 719
List the prime factors of 5902.
2, 13, 227
What are the prime factors of 291?
3, 97
List the prime factors of 17278.
2, 53, 163
List the prime factors of 982.
2, 491
List the prime factors of 157.
157
List the prime factors of 75664.
2, 4729
What are the prime factors of 69714?
2, 3, 1291
List the prime factors of 34851.
3, 11617
What are the prime factors of 2507?
23, 109
List the prime factors of 1335.
3, 5, 89
What are the prime factors of 119?
7, 17
List the prime factors of 17105.
5, 11, 311
List the prime factors of 80083.
53, 1511
List the prime factors of 52904.
2, 17, 389
List the prime factors of 14554.
2, 19, 383
List the prime factors of 5772.
2, 3, 13, 37
What are the prime factors of 167999?
13, 12923
List the prime factors of 4308.
2, 3, 359
List the prime factors of 691.
691
List the prime factors of 665.
5, 7, 19
List the prime factors of 2692.
2, 673
List the prime factors of 6876.
2, 3, 191
What are the prime factors of 587?
587
What are the prime factors of 14375?
5, 23
List the prime factors of 2391.
3, 797
What are the prime factors of 1261?
13, 97
List the prime factors of 651.
3, 7, 31
What are the prime factors of 7641?
3, 283
List the prime factors of 5508.
2, 3, 17
List the prime factors of 10677.
3, 3559
What are the prime factors of 2747?
41, 67
What are the prime factors of 84023?
73, 1151
List the prime factors of 1341.
3, 149
List the prime factors of 681.
3, 227
List the prime factors of 824.
2, 103
List the prime factors of 44254.
2, 7, 29, 109
List the prime factors of 955.
5, 191
List the prime factors of 3379.
31, 109
What are the prime factors of 36045?
3, 5, 89
List the prime factors of 4762.
2, 2381
What are the prime factors of 1619?
1619
List the prime factors of 931.
7, 19
List the prime factors of 540.
2, 3, 5
List the prime factors of 339.
3, 113
List the prime factors of 20675.
5, 827
List the prime factors of 124823.
124823
List the prime factors of 12570.
2, 3, 5, 419
List the prime factors of 2987.
29, 103
List the prime factors of 955.
5, 191
What are the prime factors of 12388?
2, 19, 163
List the prime factors of 1095.
3, 5, 73
What are the prime factors of 1116?
2, 3, 31
List the prime factors of 9733.
9733
List the prime factors of 491.
491
List the prime factors of 2767.
2767
What are the prime factors of 3650?
2, 5, 73
What are the prime factors of 10603?
23, 461
List the prime factors of 22446.
2, 3, 29, 43
What are the prime factors of 3365?
5, 673
What are the prime factors of 17079?
3, 5693
What are the prime factors of 16794?
2, 3, 311
List the prime factors of 4802.
2, 7
List the prime factors of 290.
2, 5, 29
What are the prime factors of 20?
2, 5
List the prime factors of 23949.
3, 887
List the prime factors of 11660.
2, 5, 11, 53
What are the prime factors of 1460?
2, 5, 73
What are the prime factors of 5396?
2, 19, 71
List the prime factors of 1877.
1877
What are the prime factors of 353?
353
List the prime factors of 3521.
7, 503
What are the prime factors of 11954?
2, 43, 139
What are the prime factors of 337?
337
List the prime factors of 1107.
3, 41
What are the prime factors of 33317?
33317
List the prime factors of 12564.
2, 3, 349
List the prime factors of 4330.
2, 5, 433
What are the prime facto